-q = -6*q + x. List the prime factors of q.
2
Suppose 0 = 3*p + 12, 2*l - p = 14 + 24. What are the prime factors of l?
17
Suppose 5*w + 13 = -7. What are the prime factors of 3/w + 119/4?
29
Let w(c) = 30*c + 10. What are the prime factors of w(6)?
2, 5, 19
Let r = 1 - 1. Suppose k + 0 - 4 = 0. Suppose r*w + 80 = k*w. What are the prime factors of w?
2, 5
Let s = -24 + 94. List the prime factors of s.
2, 5, 7
Suppose -5*f = 84 - 309. What are the prime factors of f?
3, 5
Suppose 3*r - 198 - 288 = 0. What are the prime factors of r?
2, 3
Let f be 12/9*(-27)/(-12). Suppose -o - 38 = -f*o. What are the prime factors of o?
19
Let f = -7 - -13. Let w be f/4*8/3. Suppose 2*q - w = -0. List the prime factors of q.
2
Let n = 60 - -7. What are the prime factors of n?
67
Let q(u) = -3*u - 4. Let y be q(-3). What are the prime factors of 12/2 - (y + -3)?
2
List the prime factors of 252/27*3*1.
2, 7
Suppose 4*a + y - 319 - 15 = 0, 0 = 5*a + 3*y - 414. List the prime factors of a.
2, 3, 7
Let d(p) = 2*p**2 + 2*p + 4. Let t be d(-6). Suppose 0*v + 4*v - t = 0. What are the prime factors of v?
2
Suppose -t = t - 30. What are the prime factors of t?
3, 5
Let n(s) be the third derivative of -s**6/120 + s**5/12 + s**4/12 - s**3/3 + 2*s**2. Let x be n(4). Let c = x - 12. What are the prime factors of c?
2, 5
Let l = 1 - -6. Let q(u) = u**3 - 7*u**2 - 8. Let o be q(l). List the prime factors of (-2)/1*1 - o.
2, 3
What are the prime factors of (-3)/(-9) - (1290/(-9))/5?
29
Let t be 1/4 - 1/4. Let r(l) = -3*l**3 + 2*l + 1. Let w be r(2). Let z = t - w. What are the prime factors of z?
19
Suppose 4*j - 3*v = 50, -2*j - 5*v + 5 = -33. List the prime factors of j.
2, 7
Suppose 24 - 179 = -f. List the prime factors of f.
5, 31
Let i(j) be the first derivative of j**2 + 2*j - 2. Let a be i(2). Suppose 5*s + 4*l - 105 = 0, -a*s + 71 = -3*s + 4*l. List the prime factors of s.
17
Suppose 3*i - 5*o - 172 = 0, -13 = -4*o + 3. List the prime factors of i.
2
List the prime factors of 5/((-20)/(-72)) - -1.
19
Suppose 3*o = y, -5*o + 1 = -3*y + 13. Suppose y = v - 28. List the prime factors of v.
37
Suppose -5*h + 112 + 112 = -4*k, h + 3*k - 60 = 0. What are the prime factors of h?
2, 3
Suppose 12*s - 9*s = 0. Suppose s = -4*n - 5*m + 1, -5*m - 10 = 5. What are the prime factors of n?
2
Let i(j) = -j**2 - 9*j - 2. List the prime factors of i(-4).
2, 3
Let g be 3116/8 - (-2)/4. List the prime factors of g/25 - 3/5.
3, 5
Suppose s = -14*s + 2985. What are the prime factors of s?
199
Let y = 130 - 47. List the prime factors of y.
83
Suppose -4*a + 4*v = -14 - 402, 0 = 5*a + 5*v - 480. List the prime factors of a.
2, 5
Let j(k) = -k**3 + 5*k**2 + 2*k + 5. Suppose 4*i - 20 = 3*g, 7 = 2*i - g - 3. What are the prime factors of j(i)?
3, 5
Suppose -x + 20 = 4*x. Suppose -50 = -5*o - 0. Suppose 0 = x*c - o - 30. What are the prime factors of c?
2, 5
Suppose -2*h - 20 = -7*h. Let x = 8 - h. Suppose 3*g = 3*j + 3, x*j = -0*j + 5*g - 9. What are the prime factors of j?
2
Let a(t) = t**2 + t + 4. Let z be a(-3). Let p = 42 - 47. Let j = p + z. List the prime factors of j.
5
Suppose 12*y = -1814 + 6398. List the prime factors of y.
2, 191
List the prime factors of ((-12)/(-33))/(-2) - (-574)/11.
2, 13
Let g = 66 + -43. List the prime factors of g.
23
Let o = 35 - 21. List the prime factors of o.
2, 7
Let i(u) = -4 + 20*u**2 + 13 - 8. What are the prime factors of i(1)?
3, 7
Let t = -1 + 4. Suppose -2*c - 2*r = t*r - 27, c - 3*r = 19. List the prime factors of c.
2
Let g = 28 - 24. List the prime factors of g.
2
Let j be (-1)/(-4) - (-540)/(-48). Let t = 2 - j. List the prime factors of t.
13
Let b(y) = y**2 + 5*y - 41. List the prime factors of b(11).
3, 5
Let y(k) = k**3 - 8*k**2 + 11*k - 7. Let l be y(7). Let n(s) = -13*s**3 + 2*s**2 - 2*s + 1. Let j be n(1). List the prime factors of j/7*l/(-3).
2, 3
Let u(v) = 3*v - 13. Let h(s) be the second derivative of -s**5/20 - 2*s**4/3 - s**3/3 - 7*s**2/2 + s. Let t be h(-8). What are the prime factors of u(t)?
2, 7
Suppose 5*i - 4*w + 4 = 39, 3*i + 6 = -3*w. Suppose 87 = 2*m - s + 28, 0 = -i*m - 5*s + 121. List the prime factors of m.
2
Let m be (18/4)/((-1)/2). Let g(c) = c - 5. Let a be g(m). List the prime factors of -2*(1 - a/(-4)).
5
Suppose -4*p - 24 = -6*p. Suppose -j - 4*m + 14 = -2*j, -m + p = 4*j. Suppose w - 72 = -5*v, -j*v + v + w + 12 = 0. What are the prime factors of v?
2, 7
Suppose 6*s = 3*s + 96. List the prime factors of s.
2
List the prime factors of 1 - (-4 + -55) - 0.
2, 3, 5
Let l be (36/(-21))/((-2)/14). List the prime factors of ((-8)/(-6))/(2/l).
2
Let b = 4 - 2. Suppose s - 4 = -b*l, -s - s + 4*l - 8 = 0. Suppose -20 = -s*o - 4*o. What are the prime factors of o?
5
Suppose -115 = -5*z + t, z - 5*t + 2 = 49. List the prime factors of z.
2, 11
List the prime factors of (-35 - -32)/(2/(-154)).
3, 7, 11
Let m(n) be the second derivative of -n**4/12 - 2*n**2 + 2*n. Let t(k) be the first derivative of m(k). What are the prime factors of t(-7)?
2, 7
Let m(r) = r - 5. Let b be m(7). Suppose 0*i + 16 = b*i. What are the prime factors of i?
2
Let m be 71/2 + 1/2. Let l = m - 16. Suppose 4*g = -g + l. What are the prime factors of g?
2
Suppose 3*y - 10 - 26 = 0. List the prime factors of y.
2, 3
Suppose -w + 21 = 2*w + 4*b, 2*b = w - 7. Let a(k) = -k**2 + 6*k + 7. Let l be a(w). Suppose l = -4*m + 3 + 45. What are the prime factors of m?
2, 3
List the prime factors of 9/(36/1136) - 1.
283
Suppose -5*p - 10 = 0, 3*p - 3 = -o + 2*p. Suppose 0*q - 28 = -3*z - o*q, 0 = -z - q + 12. What are the prime factors of z?
2
Suppose 5*w = w + 104. What are the prime factors of w?
2, 13
Suppose -45*q = -46*q + 127. What are the prime factors of q?
127
Let w be (-27)/3*2/(-6). Suppose -2 = -3*r - 2*a, 4*r - w*a - 21 = -2*a. What are the prime factors of r?
2
Let n(d) = d + 14. Let h be n(-10). Let r be (h/5)/((-4)/(-10)). What are the prime factors of (1/r)/((-1)/(-36))?
2, 3
Suppose 0 = y - 5, 0 = 3*i + y - 4 + 11. Let g be 4/(-2)*i/(-8). What are the prime factors of g/(-4) + 69/12?
2, 3
Let p(r) = -r**3 - 13*r**2 - 13*r + 10. List the prime factors of p(-12).
2, 11
Let d = 19 + -9. Let t be d/(-6)*(-4 - -1). Suppose 0 = -2*q - 10, 3*q - 4*q = t*s - 20. List the prime factors of s.
5
Let r = 11 + -9. List the prime factors of r.
2
Suppose 0 = 3*d - 45 - 36. Suppose x = 4*x - d. Suppose 0 = t - 4*p - x, 2*t + 5*p - 5 = -0*t. What are the prime factors of t?
5
Suppose 0 = -m + 3, -v + 2*m = -0*m + 3. What are the prime factors of 1/(v + (-29)/10)?
2, 5
Let t be (-1 - -15)*(-2)/(-4). Suppose -t*u = -2*u - 20. What are the prime factors of u?
2
Suppose g + 3*d - 138 - 108 = 0, 2*g = -4*d + 486. List the prime factors of g.
3, 79
Let z(n) = n**2 + 3*n - 10. List the prime factors of z(-6).
2
Let g = 2 - -2. Suppose 1 = 4*u + g*v - 7, -4*u + 3*v + 36 = 0. Let a(q) = 3*q - 7. List the prime factors of a(u).
11
Let b(i) = 3*i**2 + 4*i + 3. What are the prime factors of b(-7)?
2, 61
Let o be (-1)/(-2)*0/(-5). Let q(p) = -p**3 - p**2 - p + 26. List the prime factors of q(o).
2, 13
Let n = 67 - 27. What are the prime factors of n?
2, 5
Suppose 2*f - 8 = 20. Suppose c - 8*g = -3*g - 11, -9 = -3*g. Suppose -3*y = -f - c. What are the prime factors of y?
2, 3
Suppose 3*f - 150 = -3*s, -f = f - 2*s - 88. List the prime factors of f.
47
Suppose 2*s + 27 - 143 = 0. List the prime factors of s.
2, 29
Suppose 362 = 4*j - 86. What are the prime factors of j?
2, 7
Let i be 6/12 - (-50)/(-4). Suppose -4*b - 2*x = 28 + 8, b + 2*x + 15 = 0. Let p = b - i. List the prime factors of p.
5
Suppose 2*c - 7 = -3. Suppose -35 = -c*v - x, 2*v - 4*x - 39 = -x. What are the prime factors of v?
2, 3
Let h(o) = -2*o**2 - 5*o - 2. Let i be h(-4). Let j be (0 - i)/(4/8). Suppose 3*s = -z + 14 + 1, j = 4*s + 4*z. List the prime factors of s.
2
Suppose -4*v + n + 24 + 25 = 0, -59 = -5*v - n. Let m = 16 + v. What are the prime factors of m?
2, 7
Suppose -h + 40 = -6*h. What are the prime factors of 1 + h + 4 + 53?
2, 5
Suppose 7*h - 20 = 5*o + 2*h, 5*o + 2*h + 6 = 0. List the prime factors of (-29)/(3 + -6 - o).
29
Let r(x) = -x**3 + 31*x**2 - 24*x + 23. What are the prime factors of r(30)?
7, 29
Let r(l) = 3*l + l**3 + 9*l**2 + 0*l + 10 + l. List the prime factors of r(-8).
2, 3